 common factor of 420 and 58877385.
105
Calculate the greatest common divisor of 90625500 and 11172.
588
Calculate the highest common divisor of 58292 and 1114464.
988
What is the highest common divisor of 56 and 5359864?
8
What is the highest common divisor of 16453522 and 1684?
842
What is the greatest common factor of 11294252 and 9676?
236
Calculate the highest common divisor of 15 and 11934591.
3
What is the highest common divisor of 713142 and 86?
2
What is the highest common divisor of 5616 and 82517136?
624
Calculate the highest common divisor of 1082548 and 24892.
508
Calculate the highest common factor of 8277 and 28881212.
2759
What is the highest common factor of 9466933 and 14?
7
What is the highest common divisor of 230780 and 2320388?
4196
What is the greatest common factor of 10670 and 25132118?
2134
What is the greatest common factor of 128 and 1200988?
4
What is the highest common factor of 155084 and 20093?
283
What is the highest common divisor of 5285869 and 295?
59
What is the greatest common divisor of 60 and 381438030?
30
Calculate the greatest common divisor of 4811 and 946069.
283
What is the greatest common factor of 36 and 137592096?
12
Calculate the greatest common divisor of 15133 and 3402880.
409
Calculate the greatest common divisor of 4754384 and 1328.
16
Calculate the highest common factor of 10140687 and 204.
51
Calculate the highest common factor of 327285 and 246243.
3117
Calculate the greatest common factor of 158824719 and 1296.
81
Calculate the greatest common divisor of 13905816 and 192.
24
What is the highest common factor of 2755773 and 631317?
381
Calculate the greatest common factor of 134254500 and 123.
123
Calculate the greatest common divisor of 273160512 and 667.
667
Calculate the greatest common divisor of 1120875 and 111125.
875
What is the greatest common divisor of 519 and 173142379?
173
What is the highest common divisor of 6 and 1555323?
3
What is the highest common divisor of 97848482 and 2?
2
Calculate the highest common divisor of 1675373 and 6713.
959
Calculate the highest common divisor of 2513177 and 41.
41
What is the greatest common factor of 854181377 and 98?
49
Calculate the highest common factor of 332155 and 15.
5
What is the greatest common factor of 436370490 and 354?
354
What is the greatest common factor of 765555 and 966?
483
What is the highest common factor of 1755908 and 21?
7
What is the highest common divisor of 10718 and 6369344?
46
What is the greatest common divisor of 666 and 2050392?
222
Calculate the greatest common divisor of 27 and 2297169.
9
What is the highest common divisor of 14569 and 6852922513?
14569
Calculate the greatest common factor of 6585307 and 3043.
17
Calculate the highest common factor of 2859 and 315859461.
2859
What is the greatest common factor of 52173 and 10560?
33
Calculate the greatest common divisor of 24240 and 66720.
240
Calculate the highest common divisor of 1367224 and 9536.
1192
What is the greatest common divisor of 28768 and 2203046?
62
What is the greatest common divisor of 65685520 and 32?
16
What is the highest common factor of 41820 and 83730?
30
Calculate the highest common divisor of 30686 and 2278.
134
What is the greatest common divisor of 3518595 and 225?
45
What is the highest common factor of 6624 and 1454014?
46
What is the greatest common factor of 59365332 and 2808?
1404
Calculate the greatest common divisor of 3863632 and 736.
368
What is the highest common factor of 3247551 and 8541?
657
Calculate the greatest common divisor of 40748 and 18871.
167
What is the greatest common factor of 28726938 and 36?
18
What is the highest common divisor of 44 and 1831796?
4
Calculate the highest common factor of 110 and 180603510.
10
Calculate the highest common factor of 111010721 and 62.
31
Calculate the highest common factor of 7832 and 408243.
979
Calculate the highest common factor of 15200 and 1342800.
400
What is the greatest common divisor of 31553404 and 8234?
358
What is the greatest common divisor of 1320 and 89588730?
330
Calculate the greatest common divisor of 58953 and 36.
3
Calculate the highest common factor of 2595792 and 6765.
123
Calculate the greatest common factor of 3276 and 315432.
468
Calculate the highest common factor of 62773211 and 1825.
73
Calculate the greatest common divisor of 54250 and 87430.
70
Calculate the greatest common factor of 306 and 51503064.
102
What is the highest common divisor of 2304 and 19536384?
768
What is the greatest common factor of 66232170 and 20805?
1095
Calculate the highest common factor of 4389 and 1444114.
133
Calculate the highest common divisor of 10309200 and 300.
300
Calculate the highest common divisor of 1722041 and 3086152.
3977
Calculate the highest common factor of 47 and 49516.
1
What is the highest common factor of 26758 and 531556?
34
What is the highest common divisor of 533117640 and 1320?
1320
What is the greatest common divisor of 243 and 21583827?
81
What is the highest common divisor of 519 and 46121973?
519
Calculate the highest common factor of 655000 and 2785000.
5000
Calculate the greatest common factor of 13684031 and 459.
17
What is the greatest common factor of 13109240 and 4037?
367
Calculate the highest common divisor of 445450 and 15045.
295
Calculate the greatest common factor of 2376910510 and 130.
130
Calculate the greatest common divisor of 121 and 32609.
1
Calculate the highest common factor of 8 and 23064568.
8
What is the highest common divisor of 276 and 1655103?
69
Calculate the greatest common divisor of 35890 and 13460.
10
Calculate the highest common divisor of 1647 and 52652211.
183
What is the highest common factor of 123 and 76377219?
123
What is the highest common divisor of 2430 and 1080916245?
1215
What is the greatest common divisor of 1136 and 5294612?
284
Calculate the greatest common divisor of 176 and 72436276.
44
What is the highest common divisor of 223434970 and 93170?
13310
Calculate the highest common factor of 46858 and 350.
14
What is the greatest common factor of 3859 and 1536727121?
3859
Calculate the highest common divisor of 272 and 1952127.
17
What is the highest common factor of 9310 and 68826870?
490
What is the greatest common divisor of 9701437 and 10175?
37
Calculate the highest common divisor of 1617683 and 553.
79
What is the greatest common divisor of 6208500 and 36?
12
Calculate the greatest common factor of 3740 and 1315798.
22
What is the greatest common divisor of 39417 and 230030104?
1877
What is the greatest common factor of 85200 and 1296815?
355
What is the highest common factor of 669688 and 3465808?
6904
Calculate the greatest common factor of 3081 and 20801664.
39
Calculate the highest common factor of 69060670 and 70.
70
What is the highest common divisor of 20139380 and 40?
20
What is the highest common divisor of 11 and 224872175?
11
Calculate the highest common factor of 1048476 and 1584.
132
Calculate the greatest common divisor of 8740 and 1554865.
95
Calculate the highest common divisor of 72565 and 10389415.
3155
Calculate the highest common divisor of 497894 and 101205.
173
Calculate the highest common divisor of 3666 and 89415573.
1833
Calculate the greatest common divisor of 4138357 and 30901.
2377
What is the highest common divisor of 1040 and 16306420?
260
Calculate the greatest common factor of 2141724 and 41652.
156
Calculate the highest common divisor of 1555 and 680099465.
1555
What is the highest common divisor of 17619310 and 680?
170
Calculate the highest common divisor of 35 and 188609365.
35
Calculate the greatest common factor of 12065305 and 245.
35
What is the greatest common divisor of 1440 and 544041?
9
What is the highest common divisor of 58965 and 40005?
15
What is the greatest common divisor of 399 and 684240312?
399
What is the highest common factor of 17663180 and 20?
20
What is the greatest common factor of 232 and 21884056?
8
Calculate the greatest common divisor of 5230536 and 1944.
24
Calculate the greatest common divisor of 571431 and 117201.
21
Calculate the highest common divisor of 4801050 and 2700.
450
What is the greatest common divisor of 11294091 and 27?
9
Calculate the greatest common divisor of 29372 and 226030.
14
What is the greate